28?
4
Calculate the greatest common factor of 310 and 434.
62
What is the highest common factor of 532 and 665?
133
What is the highest common factor of 11248 and 190?
38
What is the highest common factor of 168 and 1736?
56
What is the highest common factor of 111 and 6?
3
Calculate the greatest common factor of 714 and 42.
42
What is the highest common divisor of 2847 and 1533?
219
Calculate the greatest common factor of 20 and 60740.
20
Calculate the greatest common divisor of 91 and 973.
7
What is the highest common factor of 45 and 2115?
45
What is the greatest common divisor of 10 and 470?
10
Calculate the highest common factor of 207 and 18.
9
What is the greatest common factor of 132 and 84?
12
Calculate the highest common factor of 885 and 15.
15
What is the highest common divisor of 119 and 504?
7
What is the greatest common divisor of 72 and 1575?
9
What is the greatest common divisor of 4455 and 10?
5
What is the greatest common divisor of 4630 and 10?
10
Calculate the greatest common divisor of 65 and 35.
5
What is the greatest common factor of 918 and 34?
34
What is the greatest common factor of 46 and 46?
46
Calculate the highest common divisor of 108 and 9126.
54
What is the highest common divisor of 290 and 1508?
58
Calculate the greatest common factor of 4 and 578.
2
Calculate the greatest common factor of 2 and 94.
2
What is the greatest common factor of 310 and 30?
10
Calculate the greatest common divisor of 8 and 392.
8
What is the greatest common divisor of 16 and 848?
16
Calculate the highest common factor of 1088 and 2368.
64
What is the greatest common factor of 172 and 129?
43
What is the highest common divisor of 200 and 80?
40
What is the highest common factor of 22 and 12694?
22
Calculate the highest common factor of 195 and 60.
15
What is the greatest common factor of 12 and 28?
4
What is the greatest common divisor of 56 and 3728?
8
What is the greatest common factor of 64 and 2224?
16
Calculate the greatest common factor of 11 and 352.
11
What is the greatest common factor of 344 and 36?
4
Calculate the highest common factor of 440 and 50.
10
What is the highest common factor of 120 and 24?
24
What is the greatest common factor of 4988 and 172?
172
What is the highest common factor of 49 and 1498?
7
What is the greatest common factor of 1440 and 1305?
45
What is the greatest common factor of 289 and 17?
17
Calculate the greatest common factor of 4 and 5034.
2
Calculate the greatest common factor of 244 and 19276.
244
What is the greatest common divisor of 10658 and 146?
146
Calculate the greatest common factor of 276 and 408.
12
Calculate the highest common divisor of 320 and 10.
10
What is the greatest common divisor of 1251 and 973?
139
What is the highest common factor of 142 and 6?
2
What is the highest common divisor of 22 and 638?
22
Calculate the highest common divisor of 9785 and 95.
95
Calculate the highest common divisor of 2158 and 4150.
166
Calculate the highest common divisor of 2 and 242.
2
Calculate the highest common divisor of 11 and 154.
11
Calculate the highest common factor of 185 and 111.
37
Calculate the greatest common divisor of 418 and 304.
38
Calculate the highest common factor of 299 and 111826.
299
Calculate the greatest common divisor of 884 and 26.
26
What is the highest common factor of 852 and 12?
12
What is the highest common divisor of 50 and 725?
25
What is the greatest common factor of 11 and 38104?
11
What is the greatest common factor of 2751 and 3?
3
Calculate the greatest common divisor of 462 and 168.
42
What is the greatest common factor of 16 and 424?
8
What is the greatest common divisor of 8 and 968?
8
What is the highest common factor of 1558 and 984?
82
Calculate the greatest common factor of 972 and 216.
108
What is the greatest common divisor of 8645 and 209?
19
Calculate the highest common factor of 4 and 124.
4
What is the highest common factor of 177 and 413?
59
Calculate the highest common divisor of 155 and 31.
31
What is the highest common factor of 5 and 1865?
5
Calculate the highest common divisor of 72 and 99.
9
What is the greatest common divisor of 7654 and 178?
178
What is the greatest common divisor of 163 and 31?
1
Calculate the highest common divisor of 154 and 44.
22
What is the greatest common factor of 15 and 555?
15
Calculate the highest common factor of 82 and 738.
82
What is the greatest common factor of 171 and 209?
19
Calculate the highest common factor of 16 and 6.
2
What is the greatest common divisor of 1647 and 1708?
61
Calculate the greatest common divisor of 132 and 6556.
44
Calculate the greatest common factor of 648 and 4.
4
What is the greatest common divisor of 824 and 8?
8
What is the greatest common divisor of 615 and 105?
15
What is the greatest common factor of 334 and 2?
2
Calculate the greatest common factor of 513 and 19.
19
What is the highest common factor of 178 and 40?
2
Calculate the greatest common divisor of 133 and 209.
19
What is the greatest common divisor of 396 and 135?
9
Calculate the greatest common factor of 82166 and 14.
14
What is the highest common divisor of 948 and 348?
12
Calculate the greatest common divisor of 2900 and 1700.
100
What is the greatest common factor of 44 and 748?
44
What is the highest common factor of 105 and 5?
5
What is the highest common factor of 228 and 1425?
57
Calculate the greatest common factor of 26 and 3263.
13
Calculate the greatest common factor of 424 and 96.
8
Calculate the highest common factor of 10 and 70.
10
Calculate the greatest common factor of 30 and 18.
6
What is the highest common divisor of 3 and 453?
3
What is the highest common factor of 40 and 56?
8
What is the highest common factor of 192 and 2016?
96
Calculate the highest common factor of 11 and 2123.
11
What is the highest common factor of 876 and 3212?
292
What is the highest common divisor of 22954 and 46?
46
Calculate the greatest common factor of 90 and 315.
45
Calculate the highest common factor of 5 and 265.
5
Calculate the highest common divisor of 20 and 430.
10
Calculate the greatest common factor of 440 and 55.
55
Calculate the highest common factor of 300 and 80.
20
What is the greatest common divisor of 33 and 10714?
11
Calculate the highest common factor of 4300 and 5.
5
What is the highest common divisor of 12420 and 184?
92
Calculate the greatest common factor of 89 and 3649.
89
Calculate the highest common factor of 5 and 125.
5
Calculate the highest common divisor of 95 and 11875.
95
What is the highest common factor of 880 and 16?
16
What is the highest common factor of 46 and 1541?
23
Calculate the greatest common factor of 6952 and 264.
88
What is the highest common factor of 14 and 12901?
7
Calculate the highest common divisor of 1102 and 95.
19
Calculate the highest common divisor of 341 and 11.
11
What is the highest common divisor of 36 and 72?
36
Calculate the highest common divisor of 39 and 51.
3
Calculate the greatest common factor of 91 and 28.
7
What is the highest common factor of 552 and 56?
8
Calculate the greatest common factor of 41 and 2993.
41
What is the highest common divisor of 2 and 362?
2
What is the greatest common factor of 6420 and 240?
60
Calculate the highest common divisor of 20382 and 43.
43
Calculate the highest common factor of 17 and 4573.
17
Calculate the highest common factor of 16 and 40016.
16
Calculate the highest common factor of 101 and 45248.
101
What is the highest common factor of 162 and 5886?
54
What is the greatest common divisor of 540 and 20?
20
Calculate the greatest common divisor of 81 and 18.
9
Calculate the highest common divisor of 144 and 540.
36
Calculate the greatest common divisor of 16 and 60.
4
What is the greatest common divisor of 19068 and 84?
84
What is the highest common divisor of 84 and 553?
7
What is the greatest common factor of 2717 and 1235?
247
Calculate the highest common divisor of 161 and 92.
23
Calculate the greatest common divisor of 16 and 32.
16
Calculate the highest common divisor of 215 and 5.
5
Calculate the highest common divisor of 3458 and 156.
26
What is the greatest common factor of 280 and 600?
40
What is the greatest common factor of 216 and 81?
27
What is the greatest common factor of 5436 and